41230?
3
What is the hundred millions digit of 585811528?
5
What is the millions digit of 46811977?
6
What is the ten millions digit of 129079213?
2
What is the ten millions digit of 213227220?
1
What is the ten thousands digit of 176917256?
1
What is the thousands digit of 213082834?
2
What is the tens digit of 22724183?
8
What is the tens digit of 31570015?
1
What is the hundreds digit of 510731497?
4
What is the hundreds digit of 634094338?
3
What is the hundreds digit of 9162074?
0
What is the hundred millions digit of 293375947?
2
What is the hundred thousands digit of 184061182?
0
What is the ten thousands digit of 58830321?
3
What is the thousands digit of 182874748?
4
What is the hundred thousands digit of 93076893?
0
What is the hundred millions digit of 4449742140?
4
What is the thousands digit of 213605146?
5
What is the thousands digit of 426477506?
7
What is the ten thousands digit of 25150961?
5
What is the ten thousands digit of 259506028?
0
What is the millions digit of 35002672?
5
What is the hundreds digit of 1648295650?
6
What is the ten millions digit of 499096842?
9
What is the millions digit of 71323116?
1
What is the tens digit of 276889016?
1
What is the hundreds digit of 38348594?
5
What is the hundreds digit of 43066189?
1
What is the hundreds digit of 84268834?
8
What is the millions digit of 1691302791?
1
What is the hundred thousands digit of 842377206?
3
What is the hundreds digit of 1106638326?
3
What is the ten millions digit of 132903133?
3
What is the hundred thousands digit of 126434947?
4
What is the hundreds digit of 144991367?
3
What is the hundred thousands digit of 135942431?
9
What is the hundred millions digit of 448950234?
4
What is the hundred millions digit of 789835362?
7
What is the ten millions digit of 56510625?
5
What is the hundred millions digit of 252140854?
2
What is the thousands digit of 61405875?
5
What is the ten thousands digit of 53716152?
1
What is the ten millions digit of 2530227401?
3
What is the billions digit of 1390592783?
1
What is the units digit of 18731352?
2
What is the tens digit of 185509987?
8
What is the hundreds digit of 82918764?
7
What is the units digit of 74394486?
6
What is the ten millions digit of 61379104?
6
What is the hundreds digit of 1976814716?
7
What is the units digit of 34356288?
8
What is the hundred millions digit of 984011432?
9
What is the ten thousands digit of 279694853?
9
What is the hundred millions digit of 794623603?
7
What is the tens digit of 25832568?
6
What is the millions digit of 1311399233?
1
What is the millions digit of 758869355?
8
What is the hundreds digit of 3556225007?
0
What is the hundred millions digit of 449957063?
4
What is the hundred thousands digit of 115512090?
5
What is the hundred thousands digit of 269129?
2
What is the hundred millions digit of 163654368?
1
What is the hundreds digit of 14496340?
3
What is the thousands digit of 59870472?
0
What is the thousands digit of 28665086?
5
What is the units digit of 586158856?
6
What is the billions digit of 2576972774?
2
What is the millions digit of 1783106?
1
What is the thousands digit of 68837690?
7
What is the units digit of 168060332?
2
What is the thousands digit of 21504200?
4
What is the hundred thousands digit of 1336650737?
6
What is the hundred thousands digit of 4268966?
2
What is the millions digit of 92452780?
2
What is the billions digit of 1055052587?
1
What is the millions digit of 18957286?
8
What is the billions digit of 1246483384?
1
What is the hundred thousands digit of 2688137690?
1
What is the hundred thousands digit of 83336458?
3
What is the hundred millions digit of 340412782?
3
What is the ten millions digit of 328448402?
2
What is the hundred thousands digit of 3598671?
5
What is the ten millions digit of 679922400?
7
What is the tens digit of 7840253422?
2
What is the units digit of 9039737?
7
What is the tens digit of 4849649080?
8
What is the tens digit of 1619685189?
8
What is the ten millions digit of 471008861?
7
What is the units digit of 255264236?
6
What is the units digit of 838838681?
1
What is the billions digit of 1450335627?
1
What is the thousands digit of 1084029873?
9
What is the hundred thousands digit of 42550422?
5
What is the hundreds digit of 14204329?
3
What is the hundred thousands digit of 1689544048?
5
What is the billions digit of 1599996033?
1
What is the tens digit of 10016399?
9
What is the hundreds digit of 259131230?
2
What is the units digit of 1311236?
6
What is the ten millions digit of 31923175?
3
What is the tens digit of 154612718?
1
What is the tens digit of 89478118?
1
What is the tens digit of 331940112?
1
What is the tens digit of 421011098?
9
What is the hundred millions digit of 126549646?
1
What is the tens digit of 5317036182?
8
What is the billions digit of 2208334970?
2
What is the hundreds digit of 536232703?
7
What is the ten millions digit of 587097023?
8
What is the ten thousands digit of 161718528?
1
What is the hundreds digit of 12802292?
2
What is the billions digit of 1078635003?
1
What is the hundred millions digit of 460954044?
4
What is the millions digit of 3927526?
3
What is the hundreds digit of 9853421?
4
What is the ten thousands digit of 53367829?
6
What is the thousands digit of 265750660?
0
What is the ten millions digit of 39887966?
3
What is the tens digit of 104641642?
4
What is the ten thousands digit of 24547212?
4
What is the thousands digit of 924066033?
6
What is the ten thousands digit of 22173401?
7
What is the hundreds digit of 3419519629?
6
What is the ten millions digit of 25347704?
2
What is the units digit of 20504546?
6
What is the ten millions digit of 566451734?
6
What is the hundred millions digit of 272058992?
2
What is the hundreds digit of 215281662?
6
What is the hundred thousands digit of 3910040024?
0
What is the millions digit of 2474548676?
4
What is the hundred millions digit of 599690551?
5
What is the ten millions digit of 282148855?
8
What is the millions digit of 2303246340?
3
What is the millions digit of 326539300?
6
What is the hundred thousands digit of 81172163?
1
What is the thousands digit of 237012024?
2
What is the tens digit of 492635082?
8
What is the hundred millions digit of 4531861966?
5
What is the hundred thousands digit of 1119353075?
3
What is the millions digit of 55950486?
5
What is the hundred millions digit of 141995830?
1
What is the hundred thousands digit of 83601497?
6
What is the thousands digit of 1010949546?
9
What is the hundred millions digit of 171680185?
1
What is the hundreds digit of 1552173691?
6
What is the ten thousands digit of 508306981?
0
What is the ten thousands digit of 330524200?
2
What is the thousands digit of 4021351?
1
What is the units digit of 128525888?
8
What is the hundred millions digit of 390188201?
3
What is the units digit of 138608833?
3
What is the units digit of 782750392?
2
What is the ten thousands digit of 74483292?
8
What is the tens digit of 77773023?
2
What is the thousands digit of 18936721?
6
What is the millions digit of 69038181?
9
What is the hundred thousands digit of 23684123?
6
What is the units digit of 66122653?
3
What is the hundred millions digit of 630168910?
6
What is the ten thousands digit of 73669547?
6
What is the hundred thousands digit of 156098134?
0
What is the thousands digit of 117263092?
3
What is the millions digit of 606159976?
6
What is the hundred millions digit of 115757747?
1
What is the hundred millions digit of 758146781?
7
What is the hundreds digit of 2876853607?
6
What is the hundred millions digit of 877868726?
8
What is the tens digit of 4558835549?
4
What is the ten millions digit of 1943195511?
4
What is the tens digit of 2316711023?
2
What is the millions digit of 282718793?
2
What is the hundreds digit of 53896154?
1
What is the tens digit of 11043866?
6
What is the ten thousands digit of 205324408?
2
What is the units digit of 19356209?
9
What is the ten millions digit of 88009146?
8
What is the ten thousands digit of 597512498?
1
What is the ten thousands digit of 442329571?
2
What is the hundred thousands digit of 562913140?
9
What is the units digit of 112799127?
7
What is the hundreds digit of 61983804?
8
What is the billions di